-20 = 5*c. What is the highest common divisor of n and j?
1
Let v(i) = -2*i**2 + 24*i + 5. Let n be v(10). Calculate the greatest common divisor of n and 30.
15
Let w be (-247)/5 - 4/(-10). Let j = 147 + w. Let p(n) = -3*n - 1. Let h be p(-5). Calculate the highest common factor of h and j.
14
Suppose -v = 4*v - 60. Suppose 6*a = 3*a - 2*w + 26, 3*w = 4*a - v. Let i = 7 + -4. What is the highest common divisor of a and i?
3
Suppose 14 + 13 = o. Calculate the highest common divisor of 1 and o.
1
Let g = 55 + -37. Let c(x) = -17*x + 1. Let o be c(-1). What is the greatest common factor of o and g?
18
Let n = 171 - 115. Let k(y) = y**3 - 2*y**2 - y + 2. Let w be k(3). What is the highest common factor of n and w?
8
Suppose 4*u = -12 + 52. Calculate the greatest common factor of u and 20.
10
Let d be ((-10)/4 - 4/(-8)) + 90. What is the greatest common factor of 8 and d?
8
Let u be (-5 - -4)/(1*-1). What is the highest common divisor of u and 5?
1
Let b = 137 - 91. Suppose -b = -4*t + 34. What is the greatest common divisor of t and 100?
20
Let j(w) = w**3 - 6*w**2 + 8*w - 7. Let c be 13/2 - (-6)/(-4). Let y be j(c). What is the greatest common factor of 1 and y?
1
Suppose z - 14 = -5*h - 2, 5*h - 20 = -5*z. Let k be h - 1 - 27/(-1). What is the highest common divisor of 4 and k?
4
Let u be 3 - 20/(-8)*12. Let s be (-3)/((-30)/(-4))*-55. What is the highest common divisor of s and u?
11
Let j be -1*7/(7/(-9)). Calculate the highest common factor of 9 and j.
9
Let m(n) = -8*n**3 - n - 1. Let i be m(-1). Let s = i - 5. Suppose -7 - s = -d. Calculate the greatest common divisor of 110 and d.
10
Let v(c) = c**2 - 10*c - 19. Let g be v(12). What is the greatest common factor of 35 and g?
5
Suppose -5*f + 8 = -22. Let u be 4*15/48*4. Suppose u*p - 5*y - 73 + 23 = 0, -5*p - 3*y + 42 = 0. What is the highest common factor of p and f?
3
Let g = -7 - -13. What is the highest common divisor of g and 12?
6
Let k(x) = 19*x - 2. Let p be k(2). Let c = -129 + p. Let m = c + 203. Calculate the greatest common factor of m and 10.
10
Let h(f) = -4*f + 4. Let l(b) = 12*b - 11. Let t(v) = 11*h(v) + 4*l(v). Let o be t(3). Calculate the highest common factor of 6 and o.
6
Let x(j) = -22*j**2 - 4. Let p be x(-3). Let i = p - -354. Calculate the greatest common factor of 19 and i.
19
Let q be (1 - 0)/1*10. Suppose b + 0 = -1. Let s = q + b. Calculate the highest common factor of s and 9.
9
Let m be 2*(-3)/2*(-102)/34. What is the greatest common factor of m and 63?
9
Suppose -18*n - 340 = -20*n. What is the greatest common divisor of 34 and n?
34
Let w(o) = -o + 2. Let l be w(-7). What is the greatest common divisor of l and 3?
3
Let k = 22 - -3. What is the greatest common factor of 5 and k?
5
Let w = -70 - -121. Suppose -a + w = -93. Calculate the greatest common factor of 16 and a.
16
Suppose -3*l = 2*l - 345. Let w be (l/(-2))/3*-2. Calculate the highest common divisor of w and 92.
23
Let w be 22*(-1 + 3/2). Let b(t) = -5*t + 3. Let n be b(-3). Let o = n + 15. Calculate the greatest common factor of o and w.
11
Suppose j = 4*j - 3*k - 123, j = 4*k + 44. Suppose 4*c + 4*z = 2*c + j, -4*c + 106 = -5*z. Calculate the highest common factor of c and 24.
24
Let l be (-45)/30 - (25/(-2) - 0). What is the greatest common divisor of 55 and l?
11
Suppose 3*k - k - 48 = 0. Calculate the greatest common factor of 6 and k.
6
Suppose 7 - 1 = 3*j. Suppose 8*f - 88 = 4*f. Calculate the highest common factor of f and j.
2
Suppose 0 = -2*d - l + 5*l + 398, -2*l = -5*d + 979. Suppose 2*t = -3*x + 155, -5*x + x = 5*t - d. What is the highest common divisor of x and 22?
11
Suppose 2*i = -3*i + 20. Suppose 0 = i*q - w + 5*w, -5*q + 12 = 2*w. Suppose q*f + 16 = 3*m + 66, -4 = 2*m. What is the highest common divisor of 99 and f?
11
Let n = -830 - 1089. Let g be 4/(-6) + n/(-57). Let o = 5 - 2. What is the greatest common divisor of o and g?
3
Let x(u) = 3*u. Let s be x(7). Calculate the highest common divisor of 3 and s.
3
Let x(h) = h**2 - 8*h + 13. Let c be x(8). Let y be (-29)/(-2) - (-12)/(-8). Calculate the highest common divisor of c and y.
13
Let r(z) = z + 27. Let c = 4 - 4. Let d be r(c). What is the greatest common factor of 9 and d?
9
Suppose 0 = -q + n + 5, -4 + 14 = 4*q + n. Suppose 0 = -u + q*u - 56. What is the greatest common factor of u and 4?
4
Suppose -4*o - 12 = -3*y - y, -o = 4*y - 7. Suppose -10 = 5*n, 0*w + 2*w - 42 = y*n. What is the greatest common factor of w and 171?
19
Let p = 8 + -8. Suppose y - 2*y + 1 = p. Let s be -2 + -3 + 76 + y. What is the highest common factor of 18 and s?
18
Suppose 128 = 8*w - 4*w. Calculate the highest common divisor of 4 and w.
4
Let y(p) = 11*p - 260. Let b be y(24). Let d be ((-18)/5)/((-1)/10). Calculate the highest common divisor of b and d.
4
Let l(i) = 2 - 18*i + 7*i - 7*i. Let z be l(-3). What is the highest common factor of 84 and z?
28
Suppose -4*z = -16 - 28. Suppose 0 = -8*h + 7*h + 605. Suppose -w = -6*w + h. What is the greatest common divisor of z and w?
11
Suppose 0 = i + 2*u, -5*u = -i - 4*i + 45. Let v = i + 1. Let h be (-28)/5*(-125)/10. Calculate the greatest common factor of v and h.
7
Suppose 4*u = 14 + 18. Let y = 14 - 6. Calculate the highest common factor of y and u.
8
Suppose -2*z - o = -3 - 62, 4*z - 139 = -5*o. Calculate the highest common divisor of z and 93.
31
Let u be (-245)/(-9) - (-4)/(-18). Suppose 3*m - 5 = 7. Suppose 0*y - 72 = -m*y. Calculate the greatest common factor of u and y.
9
Suppose -5*s + 3*g = 4, s - 3*g + 5 + 3 = 0. Let h be (s - -2) + (0 - 3). Suppose p = -h + 12. Calculate the greatest common divisor of p and 36.
12
Suppose -165 = -8*j + 5*j. Suppose 0 = -5*z - 14 + 69. Calculate the highest common factor of z and j.
11
Suppose -3*n = 3*f - 114, 74 = -2*n + 5*n - 5*f. What is the greatest common factor of n and 11?
11
Suppose 2*g + 8 = 0, -4*f - 3*g + 2 + 6 = 0. Calculate the greatest common divisor of 55 and f.
5
Suppose -4*o + 41 = -15. Calculate the highest common factor of 42 and o.
14
Suppose -8 = -52*g + 51*g. Calculate the greatest common divisor of g and 104.
8
Let b = -3 + 3. Suppose 2*g - 35 = m, -5*g = -b*g + 3*m - 115. What is the greatest common divisor of 220 and g?
20
Suppose 0 = -0*z + z - 75. Suppose 2*g - 38 = 22. What is the greatest common factor of z and g?
15
Let r be (-1)/(-2*(-2)/(-16)). Let x = 4 - 2. Let q be r*(x + (-25)/(-4)). What is the highest common factor of 11 and q?
11
Let o be ((-4)/(-10))/((-1)/(-35)). Suppose -16 + 58 = 3*h. Calculate the greatest common factor of h and o.
14
Let k(p) = p**3 - 3*p**2 - 2*p + 5. Let o be k(5). Let i(c) = c**2 - 4*c - 3. Suppose 3 - 9 = -g. Let t be i(g). Calculate the highest common factor of o and t.
9
Suppose 0 = 2*h + 5*b - 186, 2*b + 2 = 3*b. Let t be 4/18 + h/9. What is the greatest common divisor of 5 and t?
5
Suppose -2*d + 49 = p, -2*d - 5*p + 2*p = -43. Let o be (0 - d)*5/(-2). What is the greatest common factor of 26 and o?
13
Suppose -4*p - 2 - 2 = 0. Let q(v) be the first derivative of 49*v**3/3 + v**2/2 + v + 1. Let g be q(p). Calculate the highest common factor of 7 and g.
7
Let o be 40/5 - (0 + 0). Let c be 33/(-22)*o/(-6). Calculate the highest common divisor of 1 and c.
1
Suppose -2*n + 1 = -3*n. Let l be (n/(-2))/(3/36). Suppose -l*h = -2*h + 5*q - 14, -3*h + 10 = 4*q. Calculate the highest common factor of h and 6.
6
Let z(u) = -5*u. Let v be z(3). Let h be (v/(-2))/(1/2). Suppose -2*x + 430 = 2*x - 2*d, 0 = -3*x + d + 320. Calculate the highest common factor of x and h.
15
Suppose d = -3*s - 10, 3*s = d + 7*s + 15. Suppose d*x + 20 = 0, 5*c - 5*x + 34 = 2*c. Let l be -2*(2/1 + c). Calculate the greatest common divisor of 8 and l.
8
Suppose -4*h = 5*u + 2 + 17, 16 = -5*u - h. Let w = -1 - u. Let r = 1 + w. What is the greatest common divisor of r and 9?
3
Let w(n) = -9*n**3 - n**2 - 2*n - 1. Let o be w(-1). Calculate the highest common factor of o and 1.
1
Let s(b) be the first derivative of 4*b**3/3 - 4*b**2 - 6*b + 2. Let n be s(6). Suppose -2*q + n = -q. Calculate the highest common divisor of 36 and q.
18
Let j be (-2)/(2*(-2)/80). Calculate the greatest common divisor of j and 16.
8
Let c(h) = h**2 - 1. Let o be c(-2). Let z be 1/o - 83/(-3). Suppose -21 = -6*j + 3*j. What is the greate